{"version":"1.0","provider_name":"This Big City","provider_url":"https:\/\/thisbigcity.net\/fr\/","author_name":"Joe Peach","author_url":"https:\/\/thisbigcity.net\/fr\/author\/joe-e-peach\/","title":"L'amour et la haine : Manifestations pour conserver le mur de Berlin - This Big City","type":"rich","width":600,"height":338,"html":"<blockquote class=\"wp-embedded-content\" data-secret=\"6cuNAW6t89\"><a href=\"https:\/\/thisbigcity.net\/fr\/berlin-east-side-gallery-protest-2\/\">L&#8217;amour et la haine : Manifestations pour conserver le mur de Berlin<\/a><\/blockquote><iframe sandbox=\"allow-scripts\" security=\"restricted\" src=\"https:\/\/thisbigcity.net\/fr\/berlin-east-side-gallery-protest-2\/embed\/#?secret=6cuNAW6t89\" width=\"600\" height=\"338\" title=\"\u00ab\u00a0L&#8217;amour et la haine : Manifestations pour conserver le mur de Berlin\u00a0\u00bb &#8212; This Big City\" data-secret=\"6cuNAW6t89\" frameborder=\"0\" marginwidth=\"0\" marginheight=\"0\" scrolling=\"no\" class=\"wp-embedded-content\"><\/iframe><script type=\"text\/javascript\">\n\/* <![CDATA[ *\/\n\/*! This file is auto-generated *\/\n!function(d,l){\"use strict\";l.querySelector&&d.addEventListener&&\"undefined\"!=typeof URL&&(d.wp=d.wp||{},d.wp.receiveEmbedMessage||(d.wp.receiveEmbedMessage=function(e){var t=e.data;if((t||t.secret||t.message||t.value)&&!\/[^a-zA-Z0-9]\/.test(t.secret)){for(var s,r,n,a=l.querySelectorAll('iframe[data-secret=\"'+t.secret+'\"]'),o=l.querySelectorAll('blockquote[data-secret=\"'+t.secret+'\"]'),c=new RegExp(\"^https?:$\",\"i\"),i=0;i<o.length;i++)o[i].style.display=\"none\";for(i=0;i<a.length;i++)s=a[i],e.source===s.contentWindow&&(s.removeAttribute(\"style\"),\"height\"===t.message?(1e3<(r=parseInt(t.value,10))?r=1e3:~~r<200&&(r=200),s.height=r):\"link\"===t.message&&(r=new URL(s.getAttribute(\"src\")),n=new URL(t.value),c.test(n.protocol))&&n.host===r.host&&l.activeElement===s&&(d.top.location.href=t.value))}},d.addEventListener(\"message\",d.wp.receiveEmbedMessage,!1),l.addEventListener(\"DOMContentLoaded\",function(){for(var e,t,s=l.querySelectorAll(\"iframe.wp-embedded-content\"),r=0;r<s.length;r++)(t=(e=s[r]).getAttribute(\"data-secret\"))||(t=Math.random().toString(36).substring(2,12),e.src+=\"#?secret=\"+t,e.setAttribute(\"data-secret\",t)),e.contentWindow.postMessage({message:\"ready\",secret:t},\"*\")},!1)))}(window,document);\n\/\/# sourceURL=https:\/\/thisbigcity.net\/wp-includes\/js\/wp-embed.min.js\n\/* ]]> *\/\n<\/script>\n","thumbnail_url":"https:\/\/thisbigcity.net\/wp-content\/uploads\/2013\/03\/berlin-wall-1.jpg","thumbnail_width":620,"thumbnail_height":360,"description":"\u00ab\u00a0N\u2019abattez pas ce mur\u00a0!\u00a0\u00bb Cette phrase peut para\u00eetre choquante pour les Berlinois qui ont v\u00e9cu pendant plusieurs d\u00e9cennies dans une ville divis\u00e9e et qui ont c\u00e9l\u00e9br\u00e9 la tomb\u00e9e du mur en 1989, mais c\u2019est le cri de ralliement des manifestions ayant lieu actuellement \u00e0 Berlin pour conserver la East Side Gallery, une section du mur [&hellip;]"}

« N’abattez pas ce mur ! » Cette phrase peut paraître choquante pour les Berlinois qui ont vécu pendant plusieurs décennies dans une ville divisée et qui ont célébré la tombée du mur en 1989, mais c’est le cri de ralliement des manifestions ayant lieu actuellement à Berlin pour conserver la East Side Gallery, une section du mur [&hellip;]
